s of 4780478?
2, 73, 137, 239
List the prime factors of 104059618.
2, 13, 17, 19, 12391
List the prime factors of 102921486.
2, 3, 17153581
List the prime factors of 2723235328.
2, 11, 23, 21023
List the prime factors of 11012319.
3, 1223591
List the prime factors of 110287883.
110287883
List the prime factors of 63365540.
2, 5, 7, 452611
List the prime factors of 490540845.
3, 5, 683, 47881
What are the prime factors of 83487813?
3, 27829271
List the prime factors of 2471263836.
2, 3, 43, 1847, 2593
What are the prime factors of 209070891?
3, 131, 383, 463
What are the prime factors of 56112052?
2, 14028013
What are the prime factors of 3321833413?
3321833413
What are the prime factors of 7145322150?
2, 3, 5, 41, 1161841
What are the prime factors of 112908672?
2, 3, 98011
List the prime factors of 1106421842.
2, 241, 2295481
List the prime factors of 45650112.
2, 3, 73, 3257
What are the prime factors of 2545324288?
2, 13, 73, 10477
List the prime factors of 1957269602.
2, 17, 5569, 10337
What are the prime factors of 753555234?
2, 3, 71, 877, 2017
List the prime factors of 1765436399.
67, 26349797
List the prime factors of 44802374.
2, 47, 541, 881
List the prime factors of 49805839.
1051, 47389
List the prime factors of 568291333.
173, 3284921
What are the prime factors of 22626596?
2, 5656649
List the prime factors of 64103192.
2, 17, 61, 7727
What are the prime factors of 599447642?
2, 17, 827, 21319
What are the prime factors of 159292227?
3, 17, 23, 135799
What are the prime factors of 5255481136?
2, 461, 712511
List the prime factors of 14340652.
2, 41, 87443
List the prime factors of 198440715.
3, 5, 11, 353, 3407
What are the prime factors of 1239309777?
3, 443, 932513
What are the prime factors of 161956756?
2, 13, 17, 829
List the prime factors of 543406458.
2, 3, 7, 12938249
List the prime factors of 47095510.
2, 5, 7, 11, 31, 1973
List the prime factors of 30556810.
2, 5, 433, 7057
List the prime factors of 501743502.
2, 3, 13, 499, 4297
What are the prime factors of 1231005710?
2, 5, 11, 11190961
List the prime factors of 386662313.
1601, 241513
What are the prime factors of 1941877159?
19, 1031, 99131
List the prime factors of 542491173.
3, 7, 19, 453209
List the prime factors of 213039217.
4519, 47143
List the prime factors of 253837692.
2, 3, 2350349
What are the prime factors of 31053995?
5, 7, 126751
What are the prime factors of 616558364?
2, 154139591
What are the prime factors of 744835738?
2, 9043, 41183
What are the prime factors of 58845793?
19, 1619, 1913
What are the prime factors of 18636765?
3, 5, 7, 177493
List the prime factors of 15259416.
2, 3, 635809
What are the prime factors of 72393169?
251, 379, 761
What are the prime factors of 34714185?
3, 5, 11, 61, 3449
What are the prime factors of 89237851?
19, 383, 12263
List the prime factors of 51160287.
3, 83, 205463
List the prime factors of 254641937.
11, 23149267
List the prime factors of 7711936292.
2, 1927984073
List the prime factors of 300248676.
2, 3, 7, 13, 13093
List the prime factors of 204486700.
2, 5, 11, 185897
List the prime factors of 3225098.
2, 19, 84871
What are the prime factors of 355550980?
2, 5, 991, 17939
What are the prime factors of 21870795?
3, 5, 1458053
List the prime factors of 83440183.
83440183
List the prime factors of 2842711.
2842711
What are the prime factors of 187912838?
2, 43, 2185033
List the prime factors of 118336423.
118336423
List the prime factors of 38822865.
3, 5, 379, 6829
List the prime factors of 320247321.
3, 37, 2885111
List the prime factors of 117615907.
117615907
What are the prime factors of 275542731?
3, 19, 1611361
List the prime factors of 174734402.
2, 87367201
What are the prime factors of 90468021?
3, 7, 4308001
List the prime factors of 1969200270.
2, 3, 5, 17, 1287059
What are the prime factors of 316060420?
2, 5, 13, 7193
What are the prime factors of 1499102488?
2, 13, 67, 215141
What are the prime factors of 1075717973?
11, 101, 107, 9049
List the prime factors of 84502420.
2, 5, 4225121
What are the prime factors of 912137700?
2, 3, 5, 601, 5059
List the prime factors of 1414763655.
3, 5, 19, 59, 84137
List the prime factors of 14591822.
2, 7, 1042273
What are the prime factors of 2990715507?
3, 13, 23, 127, 2917
What are the prime factors of 13048874?
2, 6524437
What are the prime factors of 811083128?
2, 619, 163789
List the prime factors of 7885870.
2, 5, 53, 14879
List the prime factors of 980059260.
2, 3, 5, 16334321
List the prime factors of 60735105.
3, 5, 1349669
List the prime factors of 2289427702.
2, 661, 1217, 1423
What are the prime factors of 522719015?
5, 7, 13, 337, 487
What are the prime factors of 57834927?
3, 59, 108917
List the prime factors of 43376888.
2, 331, 16381
List the prime factors of 17296616.
2, 17, 89, 1429
What are the prime factors of 881216263?
197, 503, 8893
What are the prime factors of 2363656561?
7, 73, 94399
List the prime factors of 49106135.
5, 13, 29, 109, 239
What are the prime factors of 1140162043?
709, 1608127
What are the prime factors of 176111530?
2, 5, 7, 2515879
What are the prime factors of 332002503?
3, 7, 17, 191, 541
What are the prime factors of 190080741?
3, 1669, 37963
What are the prime factors of 53140080?
2, 3, 5, 7, 47, 673
What are the prime factors of 3309934953?
3, 13, 84870127
List the prime factors of 52108200.
2, 3, 5, 28949
List the prime factors of 433186091.
13, 251, 132757
List the prime factors of 406373982.
2, 3, 7, 23, 420677
List the prime factors of 5873570.
2, 5, 31, 18947
List the prime factors of 3761243551.
13, 1279, 17401
What are the prime factors of 227266152?
2, 3, 9469423
List the prime factors of 187315933.
7, 23, 61, 19073
What are the prime factors of 50452245?
3, 5, 71, 15791
What are the prime factors of 45305757?
3, 7, 239713
What are the prime factors of 2130373113?
3, 11, 64556761
List the prime factors of 7457590413.
3, 7, 13, 17, 229, 2339
What are the prime factors of 415992488?
2, 47, 1106363
List the prime factors of 16509004.
2, 29, 142319
What are the prime factors of 17243896?
2, 2155487
What are the prime factors of 111592949?
13, 8584073
What are the prime factors of 47201594?
2, 11, 197, 10891
What are the prime factors of 73435386?
2, 3, 173, 263, 269
List the prime factors of 75820801.
7, 101, 107243
List the prime factors of 24608905.
5, 4921781
What are the prime factors of 3074370889?
12263, 250703
What are the prime factors of 24895286?
2, 13, 59, 16229
List the prime factors of 141450463.
7, 11, 709, 2591
What are the prime factors of 4078244816?
2, 19, 23, 583273
List the prime factors of 804786481.
61, 13193221
List the prime factors of 689718190.
2, 5, 7, 79, 191, 653
List the prime factors of 1286245102.
2, 1409, 456439
What are the prime factors of 116052316?
2, 29, 563, 1777
List the prime factors of 2146097288.
2, 101, 103, 107, 241
List the prime factors of 120972615.
3, 5, 8064841
What are the prime factors of 83703524?
2, 20925881
List the prime factors of 264332418.
2, 3, 7, 47, 359, 373
What are the prime factors of 209799903?
3, 69933301
List the prime factors of 211384559.
23, 9190633
List the prime factors of 5515755944.
2, 17, 40557029
List the prime factors of 1527962.
2, 43, 109, 163
What are the prime factors of 155757429?
3, 17306381
What are the prime factors of 195172161?
3, 19, 3424073
List the prime factors of 4133165035.
5, 17, 2339, 20789
List the prime factors of 2526657142.
2, 24179, 52249
List the prime factors of 143851938.
2, 3, 113, 331, 641
List the prime factors of 474456689.
7, 17, 53, 75227
List the prime factors of 428011203.
3, 29, 31, 158699
What are the prime factors of 15428627?
19, 812033
List the prime factors of 81161401.
29, 2798669
List the prime factors of 260186666.
2, 17, 29, 263881
What are the prime factors of 173396842?
2, 821, 105601
What are the prime factors of 38869773?
3, 29, 229, 1951
What are the prime factors of 49145563?
49145563
List the prime factors of 610906901.
11, 55536991
What are the prime factors of 6642474?
2, 3, 227, 4877
What are the prime factors of 56417218?
2, 11, 13, 79, 227
What are the prime factors of 96516456?
2, 3, 4021519
What are the prime factors of 28335009?
3, 79, 119557
What are the prime fac